
1
Let a = -52 - -27. Let d = a - -140. What is the units digit of d?
5
Suppose 4*k - 17 - 11 = 0. Suppose -k*h + 9*h = 0. What is the units digit of 10*((-20)/(-8) - h)?
5
Suppose 2*l = -34*a + 30*a + 146, -5*a - 25 = 0. What is the units digit of l?
3
Let l = 36 - 19. What is the tens digit of l?
1
Suppose 5*o - 5579 = 4*w, 2*o + 2*w - 2258 = -3*w. What is the hundreds digit of o?
1
Let n = -27 - -31. Suppose 0 = -3*q + n*j + 42, 5*q - j = 3*j + 62. What is the tens digit of q?
1
Suppose -2*f + 2*k + 30 = 2*f, 0 = -5*f - 5*k + 60. Suppose -5*i + 14 = -2*x - f, -4*i = 3*x - 23. Suppose 8*r - 7*r = i. What is the units digit of r?
5
Let b(k) = 23*k**2 - 3*k - 4. Let a be b(4). Let h = 601 - a. What is the hundreds digit of h?
2
Let f(g) = -13*g + 48. Let l be f(-11). Suppose 3*s = -l + 824. What is the units digit of s?
1
Let l(y) = -y**3 + y**2 + 4*y + 10. Let n = 124 + -127. What is the tens digit of l(n)?
3
Let b(y) = -4 + 2 - 2*y + 8. Let m be b(7). Let j(t) = -t**2 - 10*t - 7. What is the units digit of j(m)?
9
Let q(j) = -j + 3. Let f(i) = i**3 - 5*i**2 - 2*i - 3. Let b(y) = 2*y + 5. Let u be b(0). Let t be f(u). What is the tens digit of q(t)?
1
Suppose -38 = 5*x - 68. What is the units digit of 2/x*27/(-9) - -72?
1
Let d be (1 + -4)*(-7)/3. Suppose d*g + 62 = 9*g. Suppose 0 = 4*z - 3*h - g - 17, 63 = 5*z - 3*h. What is the tens digit of z?
1
Let z be 16/24 - (-32)/(-3). Let m(b) = b**2 + 9*b - 6. Let r be m(z). Suppose 64 = -3*q + r*q. What is the units digit of q?
4
Let f(b) = 11*b**2 + 14*b - 27. What is the hundreds digit of f(5)?
3
Let m(t) = -3*t - 37. What is the units digit of m(-15)?
8
Suppose 0 = 3*m + f - 2, 0 = 5*m - 5*f + 7 + 3. Suppose -5*v - 89 - 11 = m. Let y = 71 + v. What is the tens digit of y?
5
Let a(h) = 5*h + 10. Let j(y) = -y - 1. Let k(f) = -a(f) - 4*j(f). Let m be k(-8). Suppose -m*i + 3*i - 2 = 0. What is the units digit of i?
2
Let t(h) = 0*h**2 + 15 + h**2 + 20*h - 23*h. Let z = 19 + -11. What is the units digit of t(z)?
5
Let h(c) = -70*c**3 + c**2 - 2*c - 2. Let j be h(-1). Suppose -j + 17 = -i. What is the units digit of (-2 + 0)/((-12)/i)?
9
Let s(v) = -v - 8. Let c be s(-13). Let h(o) = o**3 - o**2 + 3*o + 6. Let j be h(c). Suppose -5*n + 74 = -j. What is the tens digit of n?
3
Let y(g) = -1615*g - 117. What is the hundreds digit of y(-2)?
1
Let p(v) be the first derivative of v**4/4 + 7*v**3/3 + 3*v**2/2 + 2*v + 2. Let c be (-52)/4 - -3 - -4. What is the tens digit of p(c)?
2
Suppose x = 2*x - c - 143, 426 = 3*x - 2*c. What is the units digit of x?
0
Let b(s) = 3*s + 2. Let t = 36 + -36. What is the units digit of b(t)?
2
Let t = -375 - -991. What is the units digit of t?
6
Let a(m) be the first derivative of m**4/4 - m**2/2 + 9*m + 4. What is the units digit of a(0)?
9
Let a(p) = -75*p**3 - 2*p**2 + 3*p + 9. What is the hundreds digit of a(-2)?
5
Suppose -5*d + 614 = 2*r, 0 = r - d - 83 - 238. Suppose 0 = 3*b - r - 262. What is the tens digit of b?
9
What is the tens digit of 11898/42 - (-4)/(-14)?
8
What is the units digit of (222/12)/((-3)/(-204))?
8
Let z = -21 - -20. Let o = 3 - z. Suppose 3*b - 4*b = 3*g - 15, 4*g = -o*b + 68. What is the tens digit of b?
1
Let b(j) = -j**3 - j**2 + 2*j + 153. Let v be b(0). Suppose -5*n + v = 2*f - 82, 2*n + 2*f = 88. Let x = n + -27. What is the tens digit of x?
2
Suppose -12*n - 16796 = -18*n - 2*b, 0 = -2*n - b + 5597. What is the thousands digit of n?
2
Suppose 4*h - 3892 = -3*r, -r + 3*h + 1581 = 275. What is the units digit of r?
0
Let v(h) = h**3 + 27*h**2 - 30*h - 30. Let l be v(-28). Suppose 0 = -4*q + 34 - 14. Let u = l - q. What is the tens digit of u?
2
What is the hundreds digit of 4459/52*(-3 - -7)?
3
What is the tens digit of (-176)/(-33)*6699/22?
2
Let b(n) = -n**3 + 7*n**2 + 25*n - 13. Suppose 7*f - 12*f = -35. What is the hundreds digit of b(f)?
1
Suppose 4*h = 55 - 11. Suppose -3*w = 2 - h. What is the units digit of w?
3
Let z be 68/(-3*(-2)/12). What is the tens digit of 5*(z/5)/4?
3
Let n = 28 + 472. What is the tens digit of n?
0
Let v(i) = 2*i**3 - 42*i**2 + 13*i - 49. What is the hundreds digit of v(22)?
2
Let q be 3*((-21)/(-18))/7*10. Suppose -a + 107 = 2*h, 722 - 192 = q*a + 5*h. What is the tens digit of a?
0
Suppose -1155 = -70*w + 65*w. What is the hundreds digit of w?
2
Suppose 0 = -h + 2*p + 3, -4*p = 4*h + p - 38. Let c(x) = 22*x - 24. What is the units digit of c(h)?
0
Suppose -2*o + 15 = 3*o + 5*k, -3*o = -5*k + 7. Suppose 0 = h - 4 + o. Suppose h*r = 13 + 14. What is the units digit of r?
9
Let s(c) = 70*c**3 + 2*c**2 - 2*c + 1. Let u be s(1). Suppose u = 3*l - 262. What is the tens digit of l?
1
Suppose 0 = -4*t + x - 43, -5*t - 3*x - 31 - 10 = 0. Let z = t - -14. Suppose -z*k + 50 = -70. What is the tens digit of k?
3
Let l(j) = -j**3 + 9*j**2 + 12*j - 14. Let w be l(10). What is the tens digit of w/(-3)*(-130)/4?
6
Let z = 19 - -2. What is the units digit of 18/z*(-56)/(-12)?
4
Suppose 0 = x - 5*a - 107, a + 2*a + 447 = 5*x. Let i = x - 29. What is the units digit of i?
8
Let j(d) be the first derivative of -d**4/4 + 11*d**3/3 - 2*d**2 - 14*d - 13. What is the units digit of j(10)?
6
Let r = -178 + 250. Suppose -2*y + 118 - 12 = 5*o, -3*o + r = 4*y. Suppose -3*c - 2*c + o = 0. What is the units digit of c?
4
Suppose 5*a = g - 2 - 13, -2*g + 6 = -2*a. Let w = g - -43. Let l = w + 0. What is the tens digit of l?
4
Let n(m) = 4*m + 4 - 10 - 3 - 8 + m**2. What is the units digit of n(-7)?
4
Let t be (-8 + 1)*2/(-7). Suppose t*s + 4*d = 136, -4*s + 2*d + 262 = -0*d. What is the units digit of s?
6
Let n = -180 + 234. What is the units digit of n?
4
Let x(t) = 3*t**2 - 4*t + 12. What is the units digit of x(13)?
7
Let o(t) = 38*t - 5. Let x be o(2). Let v = 36 + -77. Let z = v + x. What is the tens digit of z?
3
Suppose -553 = -6*r - 205. Let s(z) = z**3 + 5*z**2 - 10*z. Let d be s(-7). Let i = r + d. What is the units digit of i?
0
Let i(c) = -4*c**3 + c**2 - 1. Let f be i(1). Let o be (-1064)/(-16) + 2/f. Suppose -2*b - 3*b + 4*u = -110, -3*b + o = 2*u. What is the tens digit of b?
2
Let p(c) = -c**3 - c**2 - c. Let q be p(-1). What is the units digit of (3 - 7)/(q/(-1))?
4
Suppose -2*z - 15 = 5*n + 3*z, n + 3*z = -13. Let f be n*(-12 - 0/(-4)). Let q = f + 35. What is the units digit of q?
1
Let i be (-188)/12 - 1/((-6)/4). Let y = 70 - i. What is the units digit of y?
5
Let b = 1488 + -659. What is the hundreds digit of b?
8
Suppose -5*a + 0*a - 4*p = -32, -2*a = -4*p + 4. Let m(n) = n**3 - n**2 + 6. What is the units digit of m(a)?
4
Suppose 11*t + 15 = 14*t. Suppose 0*v = -3*r - t*v + 68, -2*v + 21 = r. What is the tens digit of r?
3
Let c(b) = -b. Let g be c(1). Let y be 15*7 - (-4)/g. Suppose r + 0*r - 23 = 2*p, 3*r + 2*p - y = 0. What is the tens digit of r?
3
Let c(i) = i**3 + 4*i**2 + i - 1. Let f be c(-2). Suppose -f*r = 5*b - 45, 2*r + 2 = 6*b - 3*b. What is the units digit of r?
5
What is the hundreds digit of 4488 - (0 - 4/(-4))?
4
Let g(r) = 95*r**2 - 5*r + 2. What is the units digit of g(3)?
2
Suppose -3*f + 15 = 2*u, 2*u = 9*f - 8*f + 3. Suppose 0 = -v - u*v + 576. What is the units digit of v?
4
Let w be (-12)/24 - (-7)/2. Suppose 0 = -2*y + w*y - 144. What is the hundreds digit of y?
1
Suppose 75*i = 82*i - 8708. What is the tens digit of i?
4
Suppose 31 = 2*f + 7. Let b be 9/f - (-53)/4. Let w = b - 6. What is the units digit of w?
8
Let u(i) = -i - 2. Let q be u(-3). Let z be 1/((-6 - -12)/6). Suppose w - z = -0*w - b, -q = -w - 4*b. What is the units digit of w?
1
Let u(y) = -154*y**3 + 2*y**2 + 11*y + 10. What is the hundreds digit of u(-1)?
1
Suppose -30*z = -62903 + 8123. What is the units digit of z?
6
Let h(g) = 113*g + 191. What is the tens digit of h(6)?
6
Let l = 872 + 195. What is the tens digit of l?
6
Suppose 0 = -11*j + 5*j + 366. Suppose -n - 4*s + 162 = 0, -s = -n + 106 + j. What is the tens digit of n?
6
Let i(s) = -33*s - 121. What is the hundreds digit of i(-17)?
4
Let d = 31 + -17. Suppose -d*z = -12*z. Suppose -3*r + z*r = -6. What is the units digit of r?
2
Let q(y) = -218*y + 9. What is the units digit of q(-3)?
3
What is the tens digit of 2/(3 - (-5988)/(-1998))?
6
Let p(i) = -i**3 + 8*i**2 + 3. Let z be 6*(0 + (-16)/(-12)). Let k be p(z). Suppose b - 196 = -k*b. What is the unit